e
Is 2/(-8) + 731630/184*1138/10 composite?
False
Let m(o) = o**3 + o**2 + o - 2. Let v be m(0). Let s = -3630 - -3625. Is 2/8*v*(s + -417) a prime number?
True
Suppose -22317203 + 731085 = -70*z - 4604748. Is z a composite number?
False
Suppose -12 = 50*a - 47*a, a - 75150 = -2*v. Is v composite?
True
Suppose -v = -2*l + 4*l - 523195, 3*l = 12*v - 6278313. Is v composite?
True
Let w(f) = -10969*f**3 - f**2 - f + 1. Let t be w(-1). Suppose 0 = 5*k - 110715 + t. Is k composite?
False
Is ((-4400598)/10)/(66/(-30)) + 62/(-341) a composite number?
True
Suppose -12825 = -10*p - 15*p. Let h = p - 302. Is h composite?
False
Let j(t) be the third derivative of -22759*t**6/120 - t**5/60 + t**4/24 - 3*t**2 - 5. Is j(-1) prime?
False
Let n(c) be the third derivative of 7*c**5/30 - 9*c**4/8 + 10*c**3/3 + c**2 - 405. Suppose j + 5*y - 8 = -22, 0 = j + 4*y + 13. Is n(j) a composite number?
True
Let a = 21687 - 21778. Let t be (-2)/(-8) + (-1166)/(-8). Let w = t + a. Is w prime?
False
Suppose 6*l - 17 = 13. Suppose 0*j + 29621 = l*s + 4*j, -2*s = 5*j - 11862. Is s a composite number?
True
Suppose -198298 = -13*z + 213503. Is ((-52)/(-12) - 4)*(0 + z) a prime number?
True
Let y = 233175 + -144766. Is y a composite number?
True
Is 67309 + -10*(-11)/(-55) a composite number?
False
Let k be (-94)/(-18) + ((-336)/54 - -6). Suppose 0 = -4*i + 4, -z - k*i - 3 = -5*z. Suppose -3*s + 11955 = 3*g, 5*s + z*g + 6590 = 26527. Is s prime?
True
Let a = -55634 + 98979. Is a composite?
True
Let x = 6499 + 9312. Is x + 1 - (-370)/74 prime?
True
Let j(r) = r**3 + r**2 - 14*r - 6. Let w be j(-4). Let z(k) = 80*k + 15. Let p be z(13). Suppose -3*v + 633 = -4*g + g, -5*v + p = -w*g. Is v composite?
False
Suppose -73 + 58 = -3*t. Suppose 2*o = t*u + 1 - 2, 3*u = -5*o + 13. Is o/(4/450) - -1 a prime number?
False
Suppose -123 = 7*l - 10*l + 4*k, 4*l = -5*k + 133. Suppose -l*f = 2*f - 180219. Is f prime?
True
Suppose 30 = y + y - 4*z, 0 = z + 5. Suppose -2*w = 5*a - a - 28774, 0 = -w + y*a + 14373. Is w prime?
False
Let p = 254 - 49. Let v = 532 + p. Is v a prime number?
False
Let h(q) = -12*q - 13. Let m be h(-8). Let f = m - 43. Is f - (2 - 3/(-3)) a prime number?
True
Let w(l) = 90*l + 98837. Is w(0) a composite number?
False
Let a(t) = 19*t**2 + 4*t - 66. Let g(y) = -4*y**2 - y + 13. Let q(b) = -2*a(b) - 11*g(b). Is q(12) a composite number?
True
Let y(z) = z**3 - z**2 + 3*z + 1772. Let b(v) = 4*v**3 - 3*v**2 + 14*v + 7087. Let a(p) = -2*b(p) + 9*y(p). Is a(0) a composite number?
True
Let b = -5715 + 2818. Let g = -1417 - b. Suppose y = -j + 2101, -j - g = -4*y + 6944. Is y prime?
False
Let q(x) be the second derivative of 125*x**3/6 - 127*x**2/2 - 108*x. Is q(14) prime?
False
Suppose m - 108111 = -5*l, -5*m - 64833 = 1292*l - 1295*l. Is l a prime number?
False
Suppose 4*d + 3*v = 49925, 18921 + 18507 = 3*d - 3*v. Is d prime?
True
Suppose -3*t - 19 = 6*a - 8*a, -6 = 2*t + 2*a. Let k(v) = -161*v + 62. Let o(n) = -107*n + 41. Let q(c) = t*k(c) + 7*o(c). Is q(5) a prime number?
True
Let c(x) = 237601*x + 14092. Is c(7) prime?
False
Suppose 4*k + 1834854 = 2*y, -y + k - 393455 = -1310875. Is y composite?
True
Suppose -673*u + 102232474 = 17766936. Is u a composite number?
True
Let u(v) = 1502*v - 1169. Is u(38) a prime number?
False
Suppose 0 = -69*a + 1937753 + 773464. Is a a prime number?
True
Suppose 0 = -q - 3*q + 848. Let z be -4 - (-10)/(-4)*q. Let m = 749 + z. Is m a prime number?
False
Suppose -15*q + 450 + 150 = 0. Let p = -39 + q. Is ((4/(-6))/p)/(96/(-178992)) composite?
True
Let p = -849 + 48749. Suppose -6*g = -5608 - p. Suppose -g = -5*l + 6897. Is l composite?
False
Is 11/1 - (-59005024)/364 - 2/(-7) a prime number?
False
Suppose 7*q = 4786 - 26801. Suppose 0 = 4*t + 5*c + 26050, -5*t - 4*c - 8940 = 23618. Let g = q - t. Is g prime?
False
Suppose 925*d - 13564759 = 704*d. Is d a prime number?
True
Let x(m) = 4*m**2 + 6*m - 14. Let b(q) = -q**2 + 5*q + 2. Let i = 8 - 4. Let g be b(i). Is x(g) prime?
False
Let g(r) = 4*r - 39. Let q be g(17). Let c = 156 - q. Is c a composite number?
False
Suppose 40754 = m - 12*u + 15*u, 3*m + 2*u - 122297 = 0. Is m prime?
False
Let w = 150 - 150. Suppose w = 6*y - 417 - 1509. Is y a prime number?
False
Let x(q) = 3*q - 9. Suppose 3*d - 6*d = -15. Let h be x(d). Is ((-3787)/21)/((-2)/h) composite?
False
Let c be 0*((-2)/20 - (-12)/20). Suppose -2*p - k - 1195 = c, 0 = p + 2*k + 2*k + 608. Let o = p + 853. Is o composite?
False
Let w = -51825 + 88204. Is w a composite number?
True
Suppose 2*h = 1803226 - 241006 - 192854. Is h prime?
True
Suppose 5*f = 3*h + 681014, -24 = 7*h + h. Is f composite?
True
Let c = -17 + 46. Let q = -32 + c. Let b(l) = -5*l**3 - 3*l + 2. Is b(q) a composite number?
True
Suppose -q - 9*q + 814708 = -867762. Is q prime?
True
Suppose -5*x = -2*x. Suppose x = -67*f + 64*f - 750. Let y = f + 489. Is y prime?
True
Suppose -58150 = 60*y - 62*y - 4*d, -3*y + 87228 = 3*d. Is y prime?
True
Let w = 108199 - 56696. Is w a composite number?
False
Let h(k) = 3*k**3 + 4*k**2 - 16*k + 8. Suppose -3 = t - 33. Suppose 0 = 34*p - t*p - 20. Is h(p) composite?
True
Suppose -70635 - 197716 + 21356 = -7*m. Is m a composite number?
True
Suppose -11*i + 104971 = 3*a - 13*i, 0 = 5*a + 3*i - 174958. Is a a composite number?
True
Let p(c) be the first derivative of -2*c - 4/3*c**3 + 28 - 1/4*c**4 + 5*c**2. Is p(-6) composite?
True
Suppose 3627717 - 620070 + 2190220 = 89*w. Is w prime?
True
Let q be 21/(4 + -7) + 24. Suppose -q*m = -7*m - 32030. Is m composite?
False
Suppose -4*z = -5*c - 91081, 2*z + 202*c - 45533 = 197*c. Is z a prime number?
True
Let c be (-1)/4 + 161350/56. Suppose 4*k - 9*k + 7159 = 2*t, -2*k = -5*t - c. Suppose -2*f = -5*n - k, -4*f + 3573 - 734 = -n. Is f composite?
False
Let m = -233818 - -423551. Is m a prime number?
True
Let h = -18234 + 38701. Is h a composite number?
True
Let i(v) = 711*v + 2. Let p(m) = -m - 1. Let w(y) = -i(y) + 4*p(y). Let c be w(1). Let n = c - -1274. Is n a prime number?
False
Let o be 30/(-50) - (-34)/10*659. Suppose -2*d + 12*d - o = 0. Is d + (-6)/(-4 - -1) composite?
True
Let q = -80 - -82. Let l(f) = 4913*f + 6. Let r(u) = 2456*u + 3. Let c(w) = -3*l(w) + 7*r(w). Is c(q) a composite number?
False
Let u(v) = 10*v**2 + 147*v + 112. Is u(-39) prime?
False
Let b(r) = -r + 17. Let s be b(2). Suppose -2*z = -31 + s. Suppose 5*x - 19981 = -z*x. Is x a prime number?
False
Suppose 74*z = -5*j + 76*z + 577499, -2*j + 2*z = -231002. Is j a composite number?
False
Suppose 19981 = 3*p - 14563 - 61807. Is p composite?
False
Suppose -887*i = -888*i + 35251. Is i a prime number?
True
Suppose 5069431 = 9*h + 1781524. Is h prime?
False
Suppose -2*h + 2466 = -2*r - 16612, -4*h + 38151 = -5*r. Let z = 0 + -2. Is (3/(-6))/(z*2/h) a composite number?
False
Let q(h) = -82*h - 3442. Let t be q(-42). Suppose -8 = 4*a, 8*a + 12 = s + 4*a. Suppose -t*v = v + 5*c - 9022, -s*v - 3*c + 12011 = 0. Is v prime?
True
Suppose -4*a - t = t - 19718, 4*t + 4 = 0. Let u be 3*((5 - 1) + a/6). Let m = -1624 + u. Is m a prime number?
True
Suppose -2*f + 5*b + 732 = 0, -4*f + 3*b + 1350 = -114. Suppose -u - 3*t - 76 + f = 0, -586 = -2*u - 4*t. Is u a prime number?
False
Suppose 0 = 282*g + 19285431 - 57350637. Is g a prime number?
False
Suppose 0 = 5*p - 14 + 64. Let w be -3 - 65/p*2. Is (w - -1)/(3/111) prime?
False
Is -1 - 0 - -1 - ((-936594)/6 - 22) composite?
True
Suppose 27*f - 44*f + 23958151 = 0. Is f prime?
False
Let g = 1570919 + -1000746. Is g composite?
False
Is (-221300 + 5 + 14)/(-1) prime?
True
Suppose 105*f - 102*f - 9 = 0, 67596 = 3*t + f. Is t a prime number?
True
Let r(n) = 5*n + 28. Suppose -4*l + 44 = -3*m, 5*m + 16 = -5*l + 1. Let g be r(m). Is (7256/g)/((-2)/3) a composite number?
False
Let b(o) = 2*o**2 + 15*o - 22. Let v be (3 - 63/15)/((-4)/(-30)). Let h be b(v). Suppose h*a - 3404 = -l, -4*l + 11143 = 4*a - 2521. Is l composite?
True
Let x(m) = 2*m + 27. Let w be x(-12). Suppose 4*l = 2*j + 370, 4 = -w*l + 13. Let v = 160 - j. Is v prime?
False
Let j(x) = -38983*x + 2894. Is j(-11) prime?
True
Let l = 54345 - 27674. Is l a prime number?
False
Let u be ((-8)/4)/((-8)/20). Suppose 1788 = -u*j - 1377. Let k = -164 - j. Is k composite?
True
Let g(k) = k**3 + 31*k**2 - 18*k + 15. Suppose -46 = -19*t 